ppose 5*c - 58 - p = 0. What is the remainder when c is divided by 16?
15
Let m = -6 - -13. Let p be 4*(68/16 + -3). Suppose -6*t + t + 15 = 2*g, 0 = 3*t + p*g - 9. What is the remainder when m is divided by t?
1
Let x(q) = -q**2. Let y(a) = -4*a**2 + 6*a - 6. Let v(c) = -5*x(c) + y(c). What is the remainder when 134 is divided by v(4)?
32
Suppose 4*g + 16 + 16 = 0. Let n be ((-4)/g)/(1/(-62)). Calculate the remainder when (-3 + 2)*n*1 is divided by 8.
7
Suppose 29*t + 17*t - 11086 = 0. What is the remainder when t is divided by 83?
75
Suppose 2*g = -2*w - 4, 2*w - 4 = -0*w + 2*g. Suppose w = -4*h + 12*h - 24. Calculate the remainder when 8 is divided by h.
2
Let m(c) = 5*c**2 - 2*c. Let k be m(1). Suppose 7 + 2 = k*s. Calculate the remainder when 17 is divided by s.
2
Suppose -o + 97 = 5*m, -26 = -m + 6*o - 4*o. What is the remainder when 39 is divided by m?
19
Let h(c) = -5*c**2 + c - 6. Let i be h(6). What is the remainder when ((-3)/(-6))/((-2)/i) is divided by (56/(-35))/(2/20*-1)?
13
Let r(o) = -2*o**2 + 25*o + 19. Let t be r(13). Suppose t*v + 12 = 36. Calculate the remainder when 69/(v + (-10)/4) is divided by 16.
14
Suppose -4*y - 3124 = -3*r - r, -2*y - 3124 = -4*r. What is the remainder when r is divided by 16?
13
Let m be 1*2*1*(-19 + 21). Suppose -2*b - 78 = -m*l, -5*l + 93 = 4*b - 5*b. What is the remainder when 71 is divided by l?
17
Let v be 1/4 + (-350)/56. Let y = v - -18. What is the remainder when 58 is divided by y?
10
Let l(r) = -3*r - 34. What is the remainder when 423 is divided by l(-17)?
15
Let d = -797 + 1925. What is the remainder when d is divided by 87?
84
Suppose 21*p - 428 = 664. Calculate the remainder when 103 is divided by p.
51
Let q = -324 + 342. What is the remainder when 375 is divided by q?
15
Suppose 28 = g - 2*y, 3*g + 2*y - 68 = -0. Suppose 3*a + g = 60. What is the remainder when a is divided by 6?
0
Let d = 30 - 0. Calculate the remainder when d is divided by 21.
9
Suppose 118 = 3*s + 3*m - 8, 0 = 2*s - 3*m - 59. Calculate the remainder when 108 is divided by s.
34
Let g be (-97)/(-11) + 20/110. Suppose g = -v + 21. What is the remainder when 1/((-3)/(-6)) + 33 is divided by v?
11
Let b = 132 + -42. Calculate the remainder when b is divided by 23.
21
Suppose 3*s - 23*s = -1100. Calculate the remainder when 86 is divided by s.
31
Let c(b) = b - 11. Let o be c(5). Let t = o - -42. Calculate the remainder when t is divided by 8/(-6) - (-1)/((-21)/(-301)).
10
Let g = 119 - 69. What is the remainder when g is divided by (-21)/(-15) - 1 - 286/(-10)?
21
Let q(r) = r**2 - 3*r - 8. What is the remainder when 9 is divided by q(5)?
1
Let k(l) be the second derivative of l**5/20 + 3*l**4/4 + l**3/3 - 3*l**2/2 + 23*l. Calculate the remainder when k(-6) is divided by 6/(-1 - (-5)/4).
21
Suppose -6*q = -11*q - 5. Let z be 4/(-16) + q/(-4). Suppose z = -2*h + 6 - 0. Calculate the remainder when h is divided by 3.
0
Suppose w = r - 20, 0 = -4*w - 20. Suppose r*p + 8*p = 943. Calculate the remainder when p is divided by 3/(-6) - 23/(-2).
8
Let i = 210 - 187. Calculate the remainder when 849 is divided by i.
21
Suppose -50*b + 12*b + 532 = 0. What is the remainder when 55 is divided by b?
13
Suppose 6*o - 3*o = 72. Let c = 11 - 7. Suppose c*y + 259 = z + 2*z, 0 = -z - 2*y + 103. Calculate the remainder when z is divided by o.
21
Suppose 151*j - 1196 = 105*j. Suppose -90 = -3*f + 60. Calculate the remainder when f is divided by j.
24
Suppose -395*j = -386*j - 1800. What is the remainder when j is divided by 67?
66
Let s be (2 - (3 - 0))*-143. Let l = s + -132. Calculate the remainder when 74 is divided by l.
8
Let g = -11 + 8. What is the remainder when -3*(g - 22/3) is divided by 41 + -27 - 3*-1?
14
Let c = -195 + 205. Let n(z) = -15*z + 8. What is the remainder when n(-8) is divided by c?
8
Let c(z) = -z**3 - 12*z**2 - 19*z + 15. What is the remainder when 127 is divided by c(-10)?
2
Let c = 110 - 107. What is the remainder when 19 is divided by c?
1
Let s be 4 - (-2 + 2/2). Suppose 14 = -s*p - 21. Let j(w) = w**3 + 8*w**2 + 5*w + 5. What is the remainder when 74 is divided by j(p)?
17
What is the remainder when (-1*(97 + 1))/(-2) is divided by 6?
1
Let h(s) = s**3 - 4*s**2 + 3*s + 1. Let x be h(3). What is the remainder when (-201)/(-12) - x/(-4) is divided by 364/40 - (-10)/700*-7?
8
Suppose 1 = 4*k - 3. Calculate the remainder when 71 is divided by k/(-3) + (-290)/(-15).
14
Suppose -5*u + 9 + 6 = 0. Suppose 3*n = u*j + j - 8, 3*j - 2*n = 6. What is the remainder when ((-1)/(-2))/(j/92) is divided by 6?
5
Suppose -4*c = -4*q - 556, q - 6 = 4*q. What is the remainder when c is divided by 47?
43
Let o = -3 + -1. Let v = 273 + -256. Calculate the remainder when v is divided by (4/(-6))/(o/54).
8
Let x = 136 + -73. Suppose -2*q = -31 - 1. Calculate the remainder when x is divided by q.
15
Calculate the remainder when (54 - 30)/((-6)/(-16)) is divided by 15.
4
Suppose 30*h = -12*h + 966. Calculate the remainder when 132 is divided by h.
17
Suppose -2*a = -4*a + 10. Let n(u) = u**3 - 6*u**2 + 5*u - 7. Let q be n(a). Let f = 3 - q. What is the remainder when 39 is divided by f?
9
Let w be (15/2)/(15/20). Let m = 29 + w. Calculate the remainder when 76 is divided by m.
37
Let v = 39 - 34. Suppose 4*s - 11 = v. Suppose 4*p - s*a - 68 = 0, 5*p + 2*a - 54 = 3*p. Calculate the remainder when 84 is divided by p.
18
Let a(t) = 35*t + 80. What is the remainder when 96 is divided by a(-2)?
6
Suppose -2*w + 4*w + 3*f - 34 = 0, 0 = 5*f - 20. Calculate the remainder when 229 is divided by w.
9
Suppose 3*b + m - 51 = 0, -2*b + 34 = -2*m + m. Let u = b - 2. What is the remainder when 27 is divided by u?
12
Let x(f) = 2*f**3 + 13*f**2 - 2*f + 13. Let w be x(-6). Suppose w - 529 = -6*m. What is the remainder when m is divided by 17?
10
Suppose -5*a = -a + 288. Let q = a + 135. Let c = -26 + 42. What is the remainder when q is divided by c?
15
Let d = 45 + -12. What is the remainder when d is divided by (-3)/15 + 122/10?
9
Let x be (-315)/(-27) + 2/(-3). Let b = x - 7. Suppose 88 = 2*r - 4*h, r - b*r + 2*h = -152. Calculate the remainder when r is divided by 19.
16
Suppose -22*m - 2*m + 936 = 0. What is the remainder when m is divided by 27?
12
Suppose 27*q = 24*q + 3. Let x(r) = -r**2 + 2. Calculate the remainder when (-1)/4 + 26/8 is divided by x(q).
0
Let c(h) = 22*h**2 + h + 1. Let t be c(-1). Let w = t + -27. Calculate the remainder when 3/w + 2144/40 is divided by 18.
17
Suppose 5*r - 79 = 2*v, -2*r - 5*v + 17 = -3. Suppose -f + r = -20. Let s = 21 - 12. What is the remainder when f is divided by s?
8
Let r(y) = -3*y**2 - 5*y - 9. Let x(q) = -4*q**2 - 5*q - 9. Let v(f) = -3*r(f) + 2*x(f). Calculate the remainder when 6 is divided by v(-2).
0
What is the remainder when 277629/658 + (-1)/(-14) is divided by 136?
14
Let g = -17 - -20. Suppose -g*h = h - 24. Suppose -h*f + 7*f - 14 = 0. Calculate the remainder when f is divided by 9.
5
Suppose 11*o - 1788 = 1050. What is the remainder when o is divided by 45?
33
Let l be (-6)/4*(-16)/12. Suppose -26 = 4*n - 4*z - 246, -90 = -2*n - l*z. Let y(d) = d**2 - 4*d - 4. Calculate the remainder when n is divided by y(-3).
16
Let l = -28 - -46. Let d = -9 + l. Calculate the remainder when 14 is divided by d/6*(-48)/(-9).
6
Let b = 79 + -60. Calculate the remainder when 144 is divided by b.
11
Let p = -180 - -274. Let u = -60 + p. What is the remainder when 3*(2 - (-236)/12) is divided by u?
31
Let g(s) = -7*s**3 - s**2 - s. Let y = 30402 - 30398. Calculate the remainder when g(-1) is divided by y.
3
Suppose 0*j - 18 = -j. Suppose -7*o - 36 = -4*o. What is the remainder when j is divided by (50/(-30))/(2/o)?
8
Calculate the remainder when 264 is divided by 10/7 - 63296/(-1204).
48
Let j(q) = 11*q**2 + 23*q + 25. Calculate the remainder when j(-6) is divided by 57.
55
Suppose -w - 3*j = -6 - 16, 3*w - 5*j - 38 = 0. What is the remainder when w is divided by 6?
4
Let f = 14 - 23. Let x = -5 - f. Suppose -l = 4*j - 5 - 9, -x = l - 5*j. Calculate the remainder when l is divided by 2.
0
Let c(g) = 10*g**2 - g - 7. Calculate the remainder when 104 is divided by c(-2).
34
Let a(r) = -r**2 + 15*r + 20. Suppose 0 = -2*o + 4, j + 39 = 2*o + 4. Let h = j - -44. What is the remainder when a(h) is divided